ulate b(-7).
8
Let m(d) = d - 3. Let g(t) = 2*t - 6. Let z be g(5). Suppose 5*u - 5*a = -z - 11, 5*u = 2*a - 3. Let k be ((-3)/(-3)*0)/u. Calculate m(k).
-3
Let i(r) = -35*r**2 + 23*r - 11. Let j(q) = -13*q**2 + 8*q - 4. Let s(c) = 3*i(c) - 8*j(c). What is s(2)?
5
Let f(l) = -l - 4. Suppose 2 = 14*c + 2. Suppose c = 3*a - y + 19, -a - 17 = 4*y + y. What is f(a)?
3
Let m(n) be the first derivative of n**7/280 + n**6/180 - n**4/24 + 4*n**3 - 1. Let p(g) be the third derivative of m(g). Determine p(-1).
-2
Let q(j) be the first derivative of 3*j**2/2 - 36*j - 50. Determine q(18).
18
Let l(s) = s**3 - 6*s**2 + 5*s + 2. Suppose -5*a - 301 = 99. Let c be (8/(-10))/(16/a). Determine l(c).
-10
Let o = 32 + -19. Let c = -11 + o. Let p(l) = 6*l**c - 76*l**3 + 40*l**3 - 6 + 35*l**3 - 5*l. What is p(5)?
-6
Let g = -38 - -22. Let v be (g/(-24))/((-2)/12). Let u be v + (-1 - -1 - -4). Let d(y) = -y**3 - y**2 + y + 6. Determine d(u).
6
Let s(b) = -24*b**2 + 3 + 26*b**2 - 4*b**3 + 3*b**3 + 5*b + 0. Determine s(4).
-9
Suppose 2*s - 3*l = -11, 4*s - 30 = -2*l - 12. Suppose s*x + 5 = p + 15, 0 = 2*x - 4*p - 10. Let g(m) = 8 - 7 + 3*m + 0*m - 4*m. Calculate g(x).
-4
Let b(s) = 3 - 2*s + 2 + s - 8 - 4. Give b(-6).
-1
Let o(n) = -24*n - 24. Let y(u) = -130*u - 121. Let v(z) = -11*o(z) + 2*y(z). Calculate v(-9).
-14
Let o(u) be the third derivative of u**4/24 - 2*u**3/3 - 74*u**2. Give o(7).
3
Suppose -r = n + r + 2, r = -n. Let p(v) = -v**2 - v + 1. Let i(b) = 9*b**2 + 3*b - 5. Let w(k) = i(k) + 6*p(k). Determine w(n).
7
Let i(b) be the third derivative of b**5/30 + 7*b**4/24 + 5*b**3/6 - 2*b**2 - 6. Calculate i(-5).
20
Let v(r) = 3*r**3 - 2*r**2 + 1. Let z(a) = -6*a + 44. Let t be z(7). Give v(t).
17
Let r(k) = 3. Let m(w) = -6*w**2 - w - 10. Let v(d) = m(d) + 3*r(d). What is v(-1)?
-6
Let y(h) = h - 8. Let o be y(11). Let r be 1/o + 1/(-3). Suppose -3*s = -9 - r. Let g(t) = -t. Calculate g(s).
-3
Suppose 80 = 15*y - 130. Let v(u) = -u**3 + 15*u**2 - 12*u + 8. Give v(y).
36
Let c(x) = -x - 10. Let t be c(-12). Let j(o) = -7*o + 14*o**t - 4 - o - 15*o**2. Determine j(-7).
3
Let r(p) = p**3 + 6*p**2 + 0*p**2 + 0*p**3 + 3 + 4*p. Suppose n - 13 = 3*t, -3*n - 6 = -0. Calculate r(t).
8
Let y(m) = -18 + 4 - 91*m**3 - 5*m**2 - 10*m + 90*m**3 - m**2 - 7*m**2. Determine y(-12).
-38
Let m be 6/((-4)/((-64)/12)). Let z be 20/m + 2/4. Let c(f) = 3*f + 2. What is c(z)?
11
Let x(w) = -44*w**3 + 2*w**2 + 2 - 19*w**3 - w + 64*w**3. What is x(-4)?
-26
Let g(c) = c**2 - 6*c - 9. Let a = -18 - -19. Let q(k) = 6*k**2 + 2*k - 1. Let r be q(a). Calculate g(r).
-2
Let y(s) = 2. Let d(x) = 7*x + 3. Let g(f) = d(f) - 4*y(f). Give g(2).
9
Let f = 27 - 20. Suppose f = w + 4*p, -p = 4*w - w + 1. Let x(b) = -b**3 + 0*b**3 + b**2 - 4*b**3 + b. Give x(w).
5
Let v(q) = -q**3 - 12*q**2 + 9*q + 5. Let h(b) = 2*b**3 + 25*b**2 - 18*b - 11. Let o(y) = 4*h(y) + 9*v(y). Give o(-9).
1
Let o(l) be the second derivative of l**3/6 - l**2/2 + 33*l. Let m(p) = p**2 - 11*p + 11. Let y(n) = -m(n) - 2*o(n). Give y(7).
5
Let g = -13 + 15. Suppose 5*s + 61 = -4*v, 1 = -g*s + s + 2*v. Let z be (16 - 1)*3/s. Let t(q) = -q**3 - 6*q**2 - 6*q - 5. What is t(z)?
0
Suppose -4*b - 2*b = -54. Let o(f) = -5*f**2 - f**3 + b + 16 + 20 - 39. Calculate o(-5).
6
Suppose 3*t + t - 8 = 0, 5*t = 4*y - 10. Suppose -5*u + y*g = -10, u - 2*g - 4 + 1 = 0. Let v(r) = -5*r**3 + 2*r**2 - 2*r + 1. Give v(u).
-4
Let b(k) = -k**3 + 16*k**2 + 15*k + 25. Let a be (1 - -33)/(9 - (-28)/(-4)). What is b(a)?
-9
Let u be (2/5)/((-1)/(-5)). Suppose 3*x - 4 = 5. Let y(s) = u*s + 6*s - s**2 + x - 4*s + 2*s. Calculate y(6).
3
Let p = 27 - 0. Suppose 0 = -p*o + 32*o + 20. Let q(i) = 3*i + 1. Determine q(o).
-11
Let l(d) be the third derivative of d**5/30 - d**4/12 - d**3/6 - d**2. Suppose a - 4 = q - 2*a, -5*q + 5*a - 20 = 0. Let r be (-2)/q + 12/8. Give l(r).
3
Let z(t) = -t**3 - 12*t**2 + 12*t - 15. Let u be ((-78)/36)/((-6)/(-36)). Calculate z(u).
-2
Let q(d) = -7*d - 8. Let w(f) = -9*f - 6. Let z(n) = -4*q(n) + 3*w(n). Calculate z(-14).
0
Let y be (6 + -5)*(-4)/(-2). Let t(i) = 4 - 12*i + i**2 + 8*i - i + y*i. Determine t(3).
4
Let r = 7 - 4. Let n(i) be the third derivative of -i**6/360 + i**5/120 - i**4/8 - 10*i**3/3 - 12*i**2. Let p(x) be the first derivative of n(x). What is p(r)?
-9
Let s(j) = j**3 - 6*j**2 - 18*j + 10. Suppose -9*i = -10*i - 4*z, -2 = i + 5*z. What is s(i)?
-6
Suppose -5*f - 5*w = 0, 5*w + 24 = 4. Let m(j) = 15 + 5*j**2 - j**3 - 8 - 1 - 3*j - 5 - 2*j. Calculate m(f).
-3
Let o = -5 + 4. Let u be -3 + (-6)/o + 1. Let r(s) = 9*s - 1 + u*s - 12*s. Give r(6).
5
Suppose 59*l - 6*l - 159 = 0. Let f(q) be the third derivative of -4*q**2 + 1/12*q**4 + 0 + 4/3*q**l + 0*q. Give f(-6).
-4
Let p(w) = -4*w**3. Let y(a) = -a**2 + 6*a + 15. Let l be (-148)/(-18) - 4/18. Let z be y(l). What is p(z)?
4
Let z(m) be the first derivative of -9*m**2/2 + 13*m + 7. Let f(n) = 5*n - 6. Let b(v) = 7*f(v) + 4*z(v). Give b(6).
4
Let a(s) be the first derivative of s**6/60 + s**4/24 + s**3/3 + 9*s**2/2 - 3. Let m(b) be the second derivative of a(b). Calculate m(-2).
-16
Let z(s) = s**2 - 4*s - 3. Suppose 5 + 0 = -5*b. Let q(a) = -173*a**2 + 1 + 172*a**2 + 0*a + a. Let o(m) = b*z(m) - 2*q(m). What is o(-4)?
9
Let a(n) = -7*n + 2. Let z = -242 + 244. Give a(z).
-12
Suppose 13 = -2*v + 11. Let o be 5 - 3/(-1) - (1 + v). Let q(l) = 2*l - 12. Determine q(o).
4
Let f be 1*(-3)/((-9)/12). Let r be (-11)/2 + f/(-8). Let z(a) = 1 + 7*a**2 - 6*a**2 + 6*a + a. What is z(r)?
-5
Let f(j) be the third derivative of j**5/60 - j**4/12 - j**3/6 + 178*j**2. Calculate f(3).
2
Let a(j) = 16*j**2 + 1 + 15*j**2 - 51*j**2 + 6 - 4*j + 19*j**2. Let i = -7 - -2. Give a(i).
2
Let w(n) = -3*n**3 - 2*n**2 + 17*n - 5. Let s(v) = -8*v**3 - 8*v**2 + 50*v - 14. Let c(q) = 4*s(q) - 11*w(q). Determine c(9).
35
Let l(b) = -4 + 63*b**2 + 1 + b + 4*b - 64*b**2. What is l(4)?
1
Let a be ((-32)/(-10))/(-4) + (-2680)/25. Let s = a - -102. Let j(x) = x**3 + 7*x**2 + 5*x - 8. What is j(s)?
-2
Let u(l) = -l**3 - 15*l**2 - 12*l + 18. Suppose i + 20 = -2*a, -90*a + 89*a - 3 = 0. Determine u(i).
-10
Let r(g) = 3*g**3 - 12*g**2 - 10*g. Let k(p) = -4*p**3 + 18*p**2 + 15*p. Suppose -3*s + 13 + 8 = 0. Let t(z) = s*r(z) + 5*k(z). Determine t(-4).
12
Let s(z) = 7*z - 7 - 7*z - z - z**2 - 5*z. Calculate s(-6).
-7
Suppose -22*s + 23*s = -4*o + 57, 2*s - 30 = -2*o. Let w(g) = g**3 - 14*g**2 - 2*g + 17. What is w(o)?
-11
Let o(t) be the first derivative of 3*t**2 + 6*t + 206. What is o(-7)?
-36
Let y(p) be the third derivative of -p**4/12 + 2*p**3/3 + 22*p**2 + 11. Calculate y(-8).
20
Let h = -7 - -9. Let l be 1*4/(-2 - -1). Let d = h - l. Let w(m) = -m**2 + 5*m + 6. Give w(d).
0
Let q(p) = 20 - p**3 - 55*p + 74*p - 20*p. What is q(0)?
20
Let s(g) be the third derivative of 0 - 5*g**2 + 0*g - 1/6*g**3 + 1/24*g**4. Let c(b) = 6*b + 27. Let w be c(-4). What is s(w)?
2
Let k be 224/(-42) - 3/(-9). Let t(l) = -2*l - 4. What is t(k)?
6
Let j(i) = -i**2 + 3. Let f(y) = -y**2 - 6*y + 3. Let l be f(-7). Let u = -4 - l. What is j(u)?
3
Suppose -4*y = -31 - 21. Suppose 0 = o + h - 2 - y, 3*h = -9. Let f be (-8)/(-36) - 4/o. Let i(c) = -c**2 - c - 6. Determine i(f).
-6
Let z(r) = -r**3 + r**2 - 1. Let u(i) = -5*i**2 + i + 11. Let g(k) = 5*k**2 - k - 10. Let m(s) = 6*g(s) + 5*u(s). Let n(y) = -m(y) - z(y). Determine n(5).
-14
Let i(h) = -h**2 - 4*h - 6. Let a = -46 + 22. Let g be a/(-30) - 3/(-15). Let k be ((-6)/g)/((-9)/(-6)). Determine i(k).
-6
Let k(o) be the third derivative of -o**4/24 + o**3/6 + 55*o**2. Calculate k(6).
-5
Let d(i) = i**2 + 8*i + 4 + 0*i**2 - 1. Suppose 7 = 3*a - 5*y - 18, 3*y = 2*a - 17. Suppose 0 = b + a*b + 77. What is d(b)?
-4
Let w(z) = -z**3 - 3*z**2 - z - 2. Let q = -8 - -8. Suppose -2 = -2*s - q*s. Suppose 0 = h + 2 + s. Calculate w(h).
1
Suppose 10 = -2*z, -3*z - 11 = -4*c + 24. Let f(t) = 7 + 2*t**2 - t**3 - 5*t - c + 2*t**2 + 11*t. Let j be (-1 - -1 - 1)*-5. Calculate f(j).
7
Let g(k) be the first derivative of k**6/360 - 7*k**5/120 + k**4/6 + 11*k**3/3 + 22. Let a(x) be the third derivative of g(x). What is a(7)?
4
Let r(x) be the first derivative of x**3/3 + 5*x**2/2 + x + 43. Calculate r(-6).
7
Let y(x) = -2*x**3 + x**2 - 2. Let u(g) = -11*g**3 + 22*g**2 - 32*g + 18. Let w(n) = -u